s 45 a factor of 1802540?
False
Is 447 a factor of 870307392?
False
Is 26 a factor of 405205086?
True
Is 224 a factor of 10694656?
True
Does 127 divide 139445602?
False
Is 582559352 a multiple of 249?
False
Does 17 divide 3945445?
True
Is 321915286 a multiple of 23?
False
Is 166976208 a multiple of 28?
True
Is 55 a factor of 125660662?
False
Does 324 divide 34625121?
False
Is 638 a factor of 684859186?
True
Is 1191 a factor of 151717571?
False
Is 330 a factor of 46581702?
False
Is 4673 a factor of 465550326?
False
Does 5648 divide 1644528160?
True
Does 10 divide 71445680?
True
Does 604 divide 350246312?
True
Does 2722 divide 57281768?
True
Is 585002808 a multiple of 5?
False
Does 6 divide 7108179?
False
Is 7 a factor of 27664066?
False
Does 2960 divide 80830681?
False
Is 72984171 a multiple of 494?
False
Is 1993 a factor of 180027690?
True
Is 3227360 a multiple of 87?
False
Is 52547330 a multiple of 184?
False
Is 805 a factor of 71727450?
False
Does 437 divide 75079339?
False
Does 1656 divide 2782080?
True
Does 36 divide 939263400?
True
Is 561512302 a multiple of 6929?
True
Is 3693 a factor of 35092138?
False
Does 42 divide 2063924?
False
Is 1948 a factor of 440495830?
False
Is 408 a factor of 631468944?
True
Is 5 a factor of 1835402?
False
Is 12 a factor of 74303451?
False
Is 2311 a factor of 82338954?
False
Is 1538464444 a multiple of 58?
False
Is 13239604 a multiple of 31?
True
Is 360 a factor of 89871120?
True
Does 303 divide 410775018?
False
Is 738012 a multiple of 12?
True
Does 24 divide 20868120?
True
Is 132 a factor of 4072762848?
True
Does 33 divide 100634698?
False
Is 158 a factor of 27005834?
True
Is 14 a factor of 110187280?
True
Is 308071482 even?
True
Is 8680076 a multiple of 319?
False
Is 6239365 a multiple of 55?
True
Is 11 a factor of 34718871?
True
Is 63 a factor of 55187433?
True
Does 413 divide 2765787486?
True
Does 107 divide 2174151?
False
Is 253778580 a multiple of 1980?
True
Is 117658545 a multiple of 85?
False
Does 24 divide 202691175?
False
Is 179883635 a multiple of 101?
False
Does 59 divide 16872584?
True
Is 2071708856 a multiple of 38?
False
Is 95 a factor of 191436210?
True
Is 22324346 a multiple of 234?
False
Is 23890429 a multiple of 1717?
False
Is 2253873 a multiple of 37?
False
Is 20843130 a multiple of 42?
True
Is 67 a factor of 118048182?
False
Does 119 divide 246146354?
False
Is 277043364 a multiple of 296?
False
Does 162 divide 144861363?
False
Is 270346308 a multiple of 2281?
False
Is 26 a factor of 3295349902?
True
Does 535 divide 771947574?
False
Is 24 a factor of 4007232?
True
Is 2686334817 a multiple of 5601?
True
Does 1260 divide 35355600?
True
Does 4542 divide 142049379?
False
Does 466 divide 15378?
True
Is 127275840 a multiple of 2880?
True
Is 60065797 a multiple of 2410?
False
Does 5793 divide 991192131?
False
Does 252 divide 4988846982?
False
Does 106 divide 26873332?
True
Is 2094 a factor of 38365657?
False
Is 41735579 a multiple of 621?
False
Does 111 divide 20308990?
False
Does 1231 divide 106624730?
False
Is 15384680 a multiple of 19?
True
Is 25518822 a multiple of 14?
True
Is 108 a factor of 10529352?
True
Does 46 divide 1490594902?
True
Is 6643 a factor of 1838224388?
True
Is 7919699 a multiple of 24?
False
Is 18356300 a multiple of 1388?
True
Does 489 divide 60697663?
False
Is 38614939 a multiple of 754?
False
Is 152468463 a multiple of 427?
True
Is 386013784 a multiple of 1196?
True
Is 34976082 a multiple of 167?
False
Is 11305067 a multiple of 3?
False
Is 649103628 a multiple of 588?
False
Is 11 a factor of 88169477?
True
Is 359 a factor of 743095177?
True
Is 6 a factor of 14715719?
False
Is 12273197 a multiple of 388?
False
Does 120 divide 17997120?
True
Is 2088 a factor of 172145160?
True
Does 746 divide 228805020?
False
Is 3 a factor of 4288566?
True
Is 35511429 a multiple of 1984?
False
Is 1187874934 a multiple of 233?
False
Is 103496110 a multiple of 10?
True
Is 29160600 a multiple of 53?
True
Is 811130397 a multiple of 33?
True
Does 1205 divide 663359889?
False
Is 18 a factor of 511730757?
False
Is 17771952 a multiple of 22?
True
Does 787 divide 2791127470?
False
Is 1050 a factor of 154785343?
False
Is 1733 a factor of 18206898?
True
Is 9 a factor of 577690731?
True
Does 362 divide 39594431?
False
Does 384 divide 8487538?
False
Is 1678231976 a multiple of 136?
True
Does 93 divide 59331502?
False
Is 663650500 a multiple of 25?
True
Does 50 divide 36044821?
False
Is 105 a factor of 28481350?
False
Is 2058 a factor of 341206110?
True
Does 10 divide 5228168?
False
Is 3027 a factor of 23928435?
True
Does 4909 divide 4979252699?
True
Is 1502 a factor of 127921961?
False
Is 4617 a factor of 236299941?
False
Does 12024 divide 2613584736?
True
Does 75 divide 955322846?
False
Is 1354 a factor of 112118000?
False
Is 198 a factor of 309915655?
False
Does 42 divide 58484790?
True
Is 140074286 a multiple of 2233?
False
Is 31544137 a multiple of 181?
True
Is 187 a factor of 19473432?
True
Does 998 divide 747126749?
False
Is 809 a factor of 87012804?
True
Does 78 divide 294217263?
False
Is 519258959 a multiple of 31?
True
Does 27 divide 545177689?
False
Does 11 divide 72441793?
False
Does 11 divide 11918148?
True
Is 436705881 a multiple of 745?
False
Does 2532 divide 1278343500?
True
Is 4135348 a multiple of 226?
True
Does 11 divide 4175226?
True
Is 3224 a factor of 1791840714?
False
Does 11 divide 448368961?
False
Is 610 a factor of 709591040?
True
Is 9020014 a multiple of 157?
False
Is 618027120 a multiple of 145?
True
Is 363 a factor of 106857466?
False
Is 402160108 a multiple of 28?
True
Is 85768244 a multiple of 566?
True
Does 2130 divide 742053660?
True
Is 741312748 a multiple of 122?
True
Is 27 a factor of 57787047?
True
Is 166560320 a multiple of 8?
True
Does 2807 divide 152254487?
True
Is 76648570 a multiple of 347?
False
Does 12416 divide 4500936576?
True
Is 283 a factor of 6003226?
False
Does 8 divide 183934152?
True
Does 437 divide 768798726?
False
Is 70 a factor of 54084870?
True
Does 8464 divide 134086688?
True
Is 720 a factor of 16369920?
True
Does 7 divide 7267379?
True
Is 331228800 a multiple of 320?
True
Does 3 divide 97206386?
False
Is 32 a factor of 289024?
True
Is 1067833950 a multiple of 6?
True
Does 1105 divide 59169435?
True
Is 3243791 a multiple of 21?
False
Is 9230 a factor of 1299848701?
False
Is 125 a factor of 31350875?
True
Does 227 divide 3789615?
False
Is 1463959320 a multiple of 669?
True
Does 2422 divide 287590095?
False
Does 3318 divide 120716623?
False
Is 64358646 a multiple of 69?
True
Is 48250819 a multiple of 99?
False
Is 1695 a factor of 105917827?
False
Is 516 a factor of 2071848241?
False
Does 1012 divide 15833752?
True
Does 1937 divide 85203702?
False
Does 500 divide 642842000?
True
Is 3767500660 a multiple of 820?
True
Does 437 divide 193147882?
True
Does 3601 divide 32243354?
True
Is 4426446898 a multiple of 58?
False
Is 1122740428 a multiple of 21?
False
Does 13 divide 2049642487?
False
Is 36772301 a multiple of 134?
False
Is 48207250 a multiple of 10?
True
Does 14 divide 3314287602?
False
Does 44 divide 65189168?
True
Does 2229 divide 190871499?
True
Is 34082972 a multiple of 154?
True
Is 72 a factor of 1671521688?
True
Is 479571218 a multiple of 214?
True
Is 242 a factor of 1207994771?
False
Is 10 a factor of 12101969?
False
Is 144 a factor of 1400178384?
True
Is 2188710 a multiple of 18?
True
Does 111 divide 3915021554?
False
Does 12367 divide 5103205449?
True
Is 280 a factor of 49794905?
False
Is 5175 a factor of 52774650?
True
Does 58 divide 56130913?
False
Is 26432544 a multiple of 463?
False
Does 6 divide 2002090110?
True
Is 48858758 a multiple of 632?
False
Is 11 a factor of 18321793?
False
Is 498 a factor of 627480?
True
Does 1142 divide 185202825?
False
Is 86 a factor of 1467418?
True
Is 39725647 a multiple of 13?
True
Does 10 divide 39009143?
False
Is 23 a factor of 117547710?
True
Is 11415 a factor of 2314060215?
True
Is 32 a factor of 1032999897?
False
Is 284 a factor of 933610520?
False
Is 74915 a multiple of 49?
False
Is 1089 a factor of 10162548?
True
Is 1380 a factor of 24270060?
True
Is 290 a factor of 13964660?
True
Does 771 divide 36558507?
True
Is 243 a factor of 114519339?
True
Is 27060560 a multiple of 80?
True
Is 11129571 a